5)/(-63) + (-2 - (-32)/14).
18
Suppose -2*x = k, 3*x + 27 = 2*k - 2*x. Let f = -1 - k. Let l = 20 + f. What is the remainder when 25 is divided by l?
12
Let h be (-1)/((-4)/(-24) + 0). What is the remainder when (-226)/(-3) + h/(-9) is divided by 1 + 23 - (-4)/2?
24
Let y = 40 - 37. What is the remainder when 5 is divided by y?
2
Suppose -2*o + 14 = 4. Suppose 0 = -5*g + 9 + 6. What is the remainder when o is divided by g?
2
Suppose -14 = -4*z + 5*i, z + 6 = 5*z - i. Suppose 5*p - z = 4*p. Suppose -p = -h + 1. What is the remainder when h is divided by 1?
0
Let z(g) = -g**3 - 10*g**2 + 4*g - 6. Let u be z(-12). Let x = u - 163. What is the remainder when x is divided by 18?
17
Let b = 6 - -55. What is the remainder when b is divided by 31?
30
Suppose -2*i - v = -3*i + 40, -5*v + 210 = 5*i. Let g = -21 - -32. Calculate the remainder when i is divided by g.
8
Let h(t) = t**2 + 4*t - 32. What is the remainder when h(-9) is divided by 6?
1
Let m = -183 + 326. What is the remainder when m is divided by 18?
17
Suppose 4*o - 3*o - 4 = -5*w, 2*w = -o + 7. What is the remainder when 33 is divided by o?
6
Let v(m) = m**3 + m - 2. What is the remainder when v(2) is divided by 8?
0
Suppose 3*d - d = 16. What is the remainder when (63/4)/3*d is divided by 11?
9
Suppose 3*j + 3*x - 27 = 0, 0*x + 4*x = 4*j - 4. Suppose -j*z = z - 60. What is the remainder when 39 is divided by z?
9
Let n(d) = 4*d + 3. Calculate the remainder when 24/4*14/3 is divided by n(3).
13
Suppose 0 = 2*a - 5*i - 58, -3*i + 2*i + 2 = 0. Calculate the remainder when 66 is divided by a.
32
Let f(r) = -18*r - 10. Calculate the remainder when f(-5) is divided by 21.
17
Let n = -11 + 16. Suppose r - n = -0. What is the remainder when r is divided by 3?
2
Suppose 4*b - 7*b = 12, -2*f + 5*b + 24 = 0. Suppose -4*t - 65 = -2*h - h, 5*h + f*t - 65 = 0. Let r = -13 + 21. Calculate the remainder when h is divided by r.
7
Let g(i) = 4*i**2 - 3*i + 4. Suppose -2*n + 126 + 56 = 0. What is the remainder when n is divided by g(3)?
29
Suppose -41 = -3*b + 40. Suppose 121 = 8*v + 41. Calculate the remainder when b is divided by v.
7
Suppose -58 + 4 = -2*m. Calculate the remainder when 134 is divided by m.
26
Let v = -7 - -17. Let h = 54 + -26. What is the remainder when h is divided by v?
8
What is the remainder when 39 is divided by (-1 - -36)*(-56)/(-70)?
11
Let c = 13 + -9. Suppose j - 35 = -c*b, -j - 47 = -5*b + j. What is the remainder when b is divided by 4?
1
Let h(b) = 13*b**3 - 8*b + 7. Calculate the remainder when 30 is divided by h(1).
6
Let y = 32 - 17. Calculate the remainder when y is divided by 8.
7
Let w(s) = s**3 + 9*s**2 + 3. Let i be w(-9). Suppose 0 = -4*l - 0*l. Suppose l = i*x - 0*x - 63. Calculate the remainder when 61 is divided by x.
19
Suppose -2*q - 75 = -7*q. Calculate the remainder when ((-43)/2)/(7/(-14)) is divided by q.
13
Let r(f) = f**2 - 3*f - 2. Let v = -8 - -13. What is the remainder when 23 is divided by r(v)?
7
Suppose 0 = -5*v + 17 + 3. Suppose -8 - v = -2*g. What is the remainder when 10 is divided by g?
4
Suppose -2 = -2*q - 3*l, -3 = -3*q + 7*l - 3*l. Let f(w) = -7*w**2 + w - 1. Let d be f(q). Let k = 7 - d. Calculate the remainder when 26 is divided by k.
12
Let p(y) = 20*y**2 - 2*y. Let b be p(2). Suppose w + 397 = 5*o + b, 4*w - 341 = -5*o. Calculate the remainder when o is divided by 17.
14
Let c(s) be the third derivative of -s**4/24 + s**3/6 + 2*s**2. Calculate the remainder when c(-6) is divided by 2.
1
Let o = 565 - 546. Calculate the remainder when o is divided by -1 - -2 - 2 - -12.
8
What is the remainder when ((-2)/3)/((-4)/360*3) is divided by 11?
9
Suppose 0 = -5*t + 48 + 7. What is the remainder when 40 is divided by t?
7
What is the remainder when 115 is divided by ((-12)/40*-25)/((-1)/(-4))?
25
Let d(o) = -o**3 + 6*o**2 + 4*o + 1. Let j be d(6). Let t = j + -18. Calculate the remainder when t is divided by 4.
3
Let k(z) = z**2 + 18. Let x be k(0). Suppose p = x - 1. Calculate the remainder when p is divided by 10.
7
Suppose -4*a - x = -48, 3*a - x - 24 = a. Calculate the remainder when 6 is divided by (-3 + 0)*a/(-9).
2
Let d be (-2)/(-4)*(33 - -1). Let q = -9 - -13. Suppose 2*z - 47 = -5*r - 14, q*z - d = -3*r. What is the remainder when r is divided by 4?
3
Suppose -4*r = r + 4*v - 103, 2*r - 32 = 3*v. Calculate the remainder when 54 is divided by r.
16
Suppose -2*z - 4*d + 14 = 0, -z + 0*z - 4*d = -5. Let u be 2/2 + (-6)/(-3). What is the remainder when (17/u)/(1/3) is divided by z?
8
Calculate the remainder when ((-8)/(-2) - 0) + 1 is divided by (0 - -1) + 2 - 1.
1
Suppose 0 = -3*i + 3 + 9. Calculate the remainder when 5 is divided by i.
1
Suppose 7*v - 5*v = 2. Calculate the remainder when 2 is divided by v.
0
Let c = 50 + -41. What is the remainder when 33 is divided by c?
6
Suppose q = -26 + 34. Calculate the remainder when 38 is divided by q.
6
Suppose 0 = -43*w + 50*w - 462. What is the remainder when w is divided by 23?
20
Let u(h) = 13*h**2 + 41*h + 23. Let c(m) = -3*m**2 - 10*m - 6. Let j(x) = -9*c(x) - 2*u(x). Calculate the remainder when 22 is divided by j(-8).
6
Let i = -24 - -37. Suppose 3*h - i = 17. Calculate the remainder when 39 is divided by h.
9
Let j(r) = -2*r**2 + r + 1. Let o be j(-1). Let h = 10 + o. What is the remainder when 22 is divided by h?
6
Let w(i) = -35*i - 1. Let d be w(-1). Suppose m + d = 2*m. Suppose l = -l + m. What is the remainder when l is divided by 9?
8
Let c = 83 - 48. Let h = c + -19. Calculate the remainder when 47 is divided by h.
15
Suppose -12*l = -14*l + 8. What is the remainder when 7 is divided by l?
3
Let x(y) = 3*y**2 - 3*y + 5. Suppose 0 = 2*m + 1 - 9. Let j be x(m). Let c = -23 + j. Calculate the remainder when 34 is divided by c.
16
Let x(w) = -11*w + 2. Let z(d) = 2*d - 9. Let q be z(6). Suppose -2*b - 5*c = 7 + 9, 2*c = -q*b - 13. Calculate the remainder when x(b) is divided by 12.
11
Suppose 4*q + 3*x - 77 = -0*x, 5*q - 5*x - 70 = 0. Let c = 5 + -3. Suppose c*b = 5*b - 27. What is the remainder when q is divided by b?
8
Suppose -o - 2*o + 9 = 0. Suppose k + 2*x - 3 = 3, -6 = -k - x. Calculate the remainder when k is divided by o.
0
Let m be 0/(0 + 1 - 0). Suppose k + 4*k - 105 = m. What is the remainder when k is divided by 11?
10
Let g = -1 - -3. Suppose -2*u = -l - 25, -u - l = g - 22. Let r = 85 + -57. Calculate the remainder when r is divided by u.
13
Suppose -s - 4*h = -19, -4*s = -5*s + h - 1. Suppose 6*u - 24 = 30. Calculate the remainder when u is divided by s.
0
Let g(y) = y**2 + 7*y + 9. Let b be g(-6). Let z = b + -4. Calculate the remainder when 3*(1 - (z - 5)) is divided by 11.
10
Let p be ((-8)/(-4))/(2/(-5)). Let n = p + 28. Calculate the remainder when n is divided by 8.
7
Let r be 21 - (0 + (-5 - -2)). Let d = r - 5. Calculate the remainder when d is divided by 10.
9
Let z(h) be the first derivative of -h**4/4 + h**3 - h**2 + h + 1. Calculate the remainder when 1 is divided by z(2).
0
Suppose 0 = -5*m + r + 37 - 0, 0 = -4*r + 12. Let g(w) = w**2 + 9*w + 8. Let a be g(-9). Calculate the remainder when m is divided by 6/(-8) + 30/a.
2
Let l = -5 + 6. Suppose d - l - 1 = -b, 5*b = -4*d + 5. Suppose 16 = 4*t - 0*t, -2*c - 5*t = -24. What is the remainder when d is divided by c?
1
Let q(x) = x**3 - x + 1. Let t be q(0). Let c = 4 - t. What is the remainder when c is divided by 1?
0
Suppose -5*d = -d - 20. Calculate the remainder when 16 is divided by d.
1
Let o = 21 + -16. What is the remainder when 7 is divided by o?
2
Let s = -2 + 7. Suppose s*y - 64 = y. What is the remainder when 29 is divided by y?
13
Let j(z) = -2*z**2 - 2*z - 2. Let o(t) = -1. Let m(b) = -j(b) - 3*o(b). Let r be (-18)/(-4) - 2/4. What is the remainder when m(r) is divided by 16?
13
Let m = 39 + -18. What is the remainder when 41 is divided by m?
20
Let w = 115 - 98. What is the remainder when w is divided by 5?
2
Suppose 4 = -2*q + 4*q. Let k be (0 - q)*(-6)/4. Suppose -i + 36 = k*i. What is the remainder when 17 is divided by i?
8
Let h(l) = -3*l + 1. Let m(z) = z**2 + 3*z - 1. Let d be m(-3). What is the remainder when 7 is divided by h(d)?
3
Let z(t) = t**2 + 25. Calculate the remainder when z(0) is divided by 7.
4
Suppose 0 = 5*p - 2*f - 339, 5*p - 429 = -f - 96. Suppose 3*g + 16 = p. What 